{"version":"1.0","provider_name":"Save my brain","provider_url":"https:\/\/www.savemybrain.net\/v2","title":"Mon Bataclan, Fred Dewilde - Save my brain","type":"rich","width":600,"height":338,"html":"<blockquote class=\"wp-embedded-content\" data-secret=\"beSjeaAuTV\"><a href=\"https:\/\/www.savemybrain.net\/v2\/2017\/04\/15\/mon-bataclan-fred-dewilde-144526761\/\">Mon Bataclan, Fred Dewilde<\/a><\/blockquote><iframe sandbox=\"allow-scripts\" security=\"restricted\" src=\"https:\/\/www.savemybrain.net\/v2\/2017\/04\/15\/mon-bataclan-fred-dewilde-144526761\/embed\/#?secret=beSjeaAuTV\" width=\"600\" height=\"338\" title=\"\u00ab\u00a0Mon Bataclan, Fred Dewilde\u00a0\u00bb &#8212; Save my brain\" data-secret=\"beSjeaAuTV\" frameborder=\"0\" marginwidth=\"0\" marginheight=\"0\" scrolling=\"no\" class=\"wp-embedded-content\"><\/iframe><script type=\"text\/javascript\">\n\/* <![CDATA[ *\/\n\/*! This file is auto-generated *\/\n!function(d,l){\"use strict\";l.querySelector&&d.addEventListener&&\"undefined\"!=typeof URL&&(d.wp=d.wp||{},d.wp.receiveEmbedMessage||(d.wp.receiveEmbedMessage=function(e){var t=e.data;if((t||t.secret||t.message||t.value)&&!\/[^a-zA-Z0-9]\/.test(t.secret)){for(var s,r,n,a=l.querySelectorAll('iframe[data-secret=\"'+t.secret+'\"]'),o=l.querySelectorAll('blockquote[data-secret=\"'+t.secret+'\"]'),c=new RegExp(\"^https?:$\",\"i\"),i=0;i<o.length;i++)o[i].style.display=\"none\";for(i=0;i<a.length;i++)s=a[i],e.source===s.contentWindow&&(s.removeAttribute(\"style\"),\"height\"===t.message?(1e3<(r=parseInt(t.value,10))?r=1e3:~~r<200&&(r=200),s.height=r):\"link\"===t.message&&(r=new URL(s.getAttribute(\"src\")),n=new URL(t.value),c.test(n.protocol))&&n.host===r.host&&l.activeElement===s&&(d.top.location.href=t.value))}},d.addEventListener(\"message\",d.wp.receiveEmbedMessage,!1),l.addEventListener(\"DOMContentLoaded\",function(){for(var e,t,s=l.querySelectorAll(\"iframe.wp-embedded-content\"),r=0;r<s.length;r++)(t=(e=s[r]).getAttribute(\"data-secret\"))||(t=Math.random().toString(36).substring(2,12),e.src+=\"#?secret=\"+t,e.setAttribute(\"data-secret\",t)),e.contentWindow.postMessage({message:\"ready\",secret:t},\"*\")},!1)))}(window,document);\n\/\/# sourceURL=https:\/\/www.savemybrain.net\/v2\/wp-includes\/js\/wp-embed.min.js\n\/* ]]> *\/\n<\/script>\n","thumbnail_url":"https:\/\/www.savemybrain.net\/v2\/wp-content\/uploads\/2017\/04\/Mon-Bataclan.jpg","thumbnail_width":400,"thumbnail_height":545,"description":"Fred Dewilde \u00e9tait au Bataclan le 13 novembre 2015. S&rsquo;il en est sorti vivant, apr\u00e8s deux heures d&rsquo;enfer, le traumatisme est toujours l\u00e0, psychologiquement et physiquement m\u00eame s&rsquo;il n&rsquo;a pas \u00e9t\u00e9 bless\u00e9 par les terroristes. Pour affronter le souvenir de cette nuit sanglante, Fred, graphiste en illustration m\u00e9dicale, a utilis\u00e9 son crayon pour exprimer ce sur quoi ses mots butaient. Dans Mon Bataclan, il dessine en noir et blanc, le d\u00e9roul\u00e9 de sa soir\u00e9e. Le trait est brut, sans fioriture. C&rsquo;est aussi sans pincettes, mais avec une sorte de d\u00e9tachement, qu&rsquo;il \u00e9voque la barbarie des corps mutil\u00e9s, les cadavres, et lui qui fait semblant d&rsquo;\u00eatre mort pour rester en vie&#8230; Et au milieu de toute cette atrocit\u00e9, un sursaut d&rsquo;humanit\u00e9 lorsqu&rsquo;il \u00e9voque la bulle qui les a maintenus en vie, lui et Elise, une jeune rescap\u00e9e, bless\u00e9e qu&rsquo;il ne connaissait pas&#8230; Si la premi\u00e8re moiti\u00e9 du livre est d\u00e9di\u00e9e aux dessins noircis de Fred Dewilde, le reste de l&rsquo;ouvrage vient compl\u00e9ter par des mots son cheminement de survivant. Il y met en lumi\u00e8re les \u00e9motions qui font d\u00e9faut \u00e0 sa BD. Il pr\u00e9cise son histoire, son ressenti mais surtout comment l&rsquo;attentat du Bataclan a boulevers\u00e9 son quotidien. Le son, la [&hellip;]"}

Fred Dewilde était au Bataclan le 13 novembre 2015. S&rsquo;il en est sorti vivant, après deux heures d&rsquo;enfer, le traumatisme est toujours là, psychologiquement et physiquement même s&rsquo;il n&rsquo;a pas été blessé par les terroristes. Pour affronter le souvenir de cette nuit sanglante, Fred, graphiste en illustration médicale, a utilisé son crayon pour exprimer ce sur quoi ses mots butaient. Dans Mon Bataclan, il dessine en noir et blanc, le déroulé de sa soirée. Le trait est brut, sans fioriture. C&rsquo;est aussi sans pincettes, mais avec une sorte de détachement, qu&rsquo;il évoque la barbarie des corps mutilés, les cadavres, et lui qui fait semblant d&rsquo;être mort pour rester en vie&#8230; Et au milieu de toute cette atrocité, un sursaut d&rsquo;humanité lorsqu&rsquo;il évoque la bulle qui les a maintenus en vie, lui et Elise, une jeune rescapée, blessée qu&rsquo;il ne connaissait pas&#8230; Si la première moitié du livre est dédiée aux dessins noircis de Fred Dewilde, le reste de l&rsquo;ouvrage vient compléter par des mots son cheminement de survivant. Il y met en lumière les émotions qui font défaut à sa BD. Il précise son histoire, son ressenti mais surtout comment l&rsquo;attentat du Bataclan a bouleversé son quotidien. Le son, la [&hellip;]
