{"version":"1.0","provider_name":"Save my brain","provider_url":"https:\/\/www.savemybrain.net\/v2","title":"V\u00e9ronique Ovald\u00e9, romanci\u00e8re, \u00e9ditrice - Save my brain","type":"rich","width":600,"height":338,"html":"<blockquote class=\"wp-embedded-content\" data-secret=\"QKb0dwO2hA\"><a href=\"https:\/\/www.savemybrain.net\/v2\/2013\/12\/07\/veronique-ovalde-romanciere-editrice-180022943\/\">V\u00e9ronique Ovald\u00e9, romanci\u00e8re, \u00e9ditrice<\/a><\/blockquote><iframe sandbox=\"allow-scripts\" security=\"restricted\" src=\"https:\/\/www.savemybrain.net\/v2\/2013\/12\/07\/veronique-ovalde-romanciere-editrice-180022943\/embed\/#?secret=QKb0dwO2hA\" width=\"600\" height=\"338\" title=\"\u00ab\u00a0V\u00e9ronique Ovald\u00e9, romanci\u00e8re, \u00e9ditrice\u00a0\u00bb &#8212; Save my brain\" data-secret=\"QKb0dwO2hA\" frameborder=\"0\" marginwidth=\"0\" marginheight=\"0\" scrolling=\"no\" class=\"wp-embedded-content\"><\/iframe><script type=\"text\/javascript\">\n\/* <![CDATA[ *\/\n\/*! This file is auto-generated *\/\n!function(d,l){\"use strict\";l.querySelector&&d.addEventListener&&\"undefined\"!=typeof URL&&(d.wp=d.wp||{},d.wp.receiveEmbedMessage||(d.wp.receiveEmbedMessage=function(e){var t=e.data;if((t||t.secret||t.message||t.value)&&!\/[^a-zA-Z0-9]\/.test(t.secret)){for(var s,r,n,a=l.querySelectorAll('iframe[data-secret=\"'+t.secret+'\"]'),o=l.querySelectorAll('blockquote[data-secret=\"'+t.secret+'\"]'),c=new RegExp(\"^https?:$\",\"i\"),i=0;i<o.length;i++)o[i].style.display=\"none\";for(i=0;i<a.length;i++)s=a[i],e.source===s.contentWindow&&(s.removeAttribute(\"style\"),\"height\"===t.message?(1e3<(r=parseInt(t.value,10))?r=1e3:~~r<200&&(r=200),s.height=r):\"link\"===t.message&&(r=new URL(s.getAttribute(\"src\")),n=new URL(t.value),c.test(n.protocol))&&n.host===r.host&&l.activeElement===s&&(d.top.location.href=t.value))}},d.addEventListener(\"message\",d.wp.receiveEmbedMessage,!1),l.addEventListener(\"DOMContentLoaded\",function(){for(var e,t,s=l.querySelectorAll(\"iframe.wp-embedded-content\"),r=0;r<s.length;r++)(t=(e=s[r]).getAttribute(\"data-secret\"))||(t=Math.random().toString(36).substring(2,12),e.src+=\"#?secret=\"+t,e.setAttribute(\"data-secret\",t)),e.contentWindow.postMessage({message:\"ready\",secret:t},\"*\")},!1)))}(window,document);\n\/\/# sourceURL=https:\/\/www.savemybrain.net\/v2\/wp-includes\/js\/wp-embed.min.js\n\/* ]]> *\/\n<\/script>\n","thumbnail_url":null,"thumbnail_width":null,"thumbnail_height":null,"description":"V\u00e9ronique Ovald\u00e9 est n\u00e9e en 1972 et a v\u00e9cu son enfance et adolescence dans une ville de la banlieue parisienne, \u00e0 Rosny sous Bois en \u00a0Seine-Saint-Denis. Issue d&rsquo;un milieu modeste, boulimique de lecture, enfant, elle \u00e9crit et dessine et d\u00e9cide qu&rsquo;elle sera \u00e9crivain. Elle \u00e9crit des romans de 250 pages, qu&rsquo;elle nomme \u00ab\u00a0textes\u00a0\u00bb,avec des personnages et une intrigue. Apr\u00e8s le bac, elle passe un BTS d\u2019\u00e9dition, puis se lance dans des \u00e9tudes de lettres par correspondance tout en travaillant comme chef de fabrication dans une maison d&rsquo;\u00e9dition le Seuil, chez Bourgeois puis Seuil Jeunesse, puis pendant trois ans elle sera \u00e9ditrice chez Albin Michel. Aujourd&rsquo;hui elle est responsable du roman noir, de la po\u00e9sie et de la collection signatures chez Points. \u00a0Elle a commenc\u00e9 par \u00e9crire pour la litt\u00e9rature enfantine, puis des romans \u00e0 succ\u00e8s, V\u00e9ronique Ovald\u00e9 b\u00e9n\u00e9ficie d&rsquo;une reconnaissance de la critique litt\u00e9raire."}

Véronique Ovaldé, romancière, éditrice - Save my brain

<blockquote class="wp-embedded-content" data-secret="QKb0dwO2hA"><a href="https://www.savemybrain.net/v2/2013/12/07/veronique-ovalde-romanciere-editrice-180022943/">Véronique Ovaldé, romancière, éditrice</a></blockquote><iframe sandbox="allow-scripts" security="restricted" src="https://www.savemybrain.net/v2/2013/12/07/veronique-ovalde-romanciere-editrice-180022943/embed/#?secret=QKb0dwO2hA" width="600" height="338" title="« Véronique Ovaldé, romancière, éditrice » &#8212; Save my brain" data-secret="QKb0dwO2hA" frameborder="0" marginwidth="0" marginheight="0" scrolling="no" class="wp-embedded-content"></iframe><script type="text/javascript">
/* <![CDATA[ */
/*! This file is auto-generated */
!function(d,l){"use strict";l.querySelector&&d.addEventListener&&"undefined"!=typeof URL&&(d.wp=d.wp||{},d.wp.receiveEmbedMessage||(d.wp.receiveEmbedMessage=function(e){var t=e.data;if((t||t.secret||t.message||t.value)&&!/[^a-zA-Z0-9]/.test(t.secret)){for(var s,r,n,a=l.querySelectorAll('iframe[data-secret="'+t.secret+'"]'),o=l.querySelectorAll('blockquote[data-secret="'+t.secret+'"]'),c=new RegExp("^https?:$","i"),i=0;i<o.length;i++)o[i].style.display="none";for(i=0;i<a.length;i++)s=a[i],e.source===s.contentWindow&&(s.removeAttribute("style"),"height"===t.message?(1e3<(r=parseInt(t.value,10))?r=1e3:~~r<200&&(r=200),s.height=r):"link"===t.message&&(r=new URL(s.getAttribute("src")),n=new URL(t.value),c.test(n.protocol))&&n.host===r.host&&l.activeElement===s&&(d.top.location.href=t.value))}},d.addEventListener("message",d.wp.receiveEmbedMessage,!1),l.addEventListener("DOMContentLoaded",function(){for(var e,t,s=l.querySelectorAll("iframe.wp-embedded-content"),r=0;r<s.length;r++)(t=(e=s[r]).getAttribute("data-secret"))||(t=Math.random().toString(36).substring(2,12),e.src+="#?secret="+t,e.setAttribute("data-secret",t)),e.contentWindow.postMessage({message:"ready",secret:t},"*")},!1)))}(window,document);
//# sourceURL=https://www.savemybrain.net/v2/wp-includes/js/wp-embed.min.js
/* ]]> */
</script>

Véronique Ovaldé est née en 1972 et a vécu son enfance et adolescence dans une ville de la banlieue parisienne, à Rosny sous Bois en  Seine-Saint-Denis. Issue d&rsquo;un milieu modeste, boulimique de lecture, enfant, elle écrit et dessine et décide qu&rsquo;elle sera écrivain. Elle écrit des romans de 250 pages, qu&rsquo;elle nomme « textes »,avec des personnages et une intrigue. Après le bac, elle passe un BTS d’édition, puis se lance dans des études de lettres par correspondance tout en travaillant comme chef de fabrication dans une maison d&rsquo;édition le Seuil, chez Bourgeois puis Seuil Jeunesse, puis pendant trois ans elle sera éditrice chez Albin Michel. Aujourd&rsquo;hui elle est responsable du roman noir, de la poésie et de la collection signatures chez Points.  Elle a commencé par écrire pour la littérature enfantine, puis des romans à succès, Véronique Ovaldé bénéficie d&rsquo;une reconnaissance de la critique littéraire.
