{"version":"1.0","provider_name":"Save my brain","provider_url":"https:\/\/www.savemybrain.net\/v2","title":"Spirou f\u00eate ses 75 ans - Save my brain","type":"rich","width":600,"height":338,"html":"<blockquote class=\"wp-embedded-content\" data-secret=\"eEeHRzKpDG\"><a href=\"https:\/\/www.savemybrain.net\/v2\/2013\/04\/23\/spirou-fete-ses-75-ans-180020997\/\">Spirou f\u00eate ses 75 ans<\/a><\/blockquote><iframe sandbox=\"allow-scripts\" security=\"restricted\" src=\"https:\/\/www.savemybrain.net\/v2\/2013\/04\/23\/spirou-fete-ses-75-ans-180020997\/embed\/#?secret=eEeHRzKpDG\" width=\"600\" height=\"338\" title=\"\u00ab\u00a0Spirou f\u00eate ses 75 ans\u00a0\u00bb &#8212; Save my brain\" data-secret=\"eEeHRzKpDG\" frameborder=\"0\" marginwidth=\"0\" marginheight=\"0\" scrolling=\"no\" class=\"wp-embedded-content\"><\/iframe><script type=\"text\/javascript\">\n\/* <![CDATA[ *\/\n\/*! This file is auto-generated *\/\n!function(d,l){\"use strict\";l.querySelector&&d.addEventListener&&\"undefined\"!=typeof URL&&(d.wp=d.wp||{},d.wp.receiveEmbedMessage||(d.wp.receiveEmbedMessage=function(e){var t=e.data;if((t||t.secret||t.message||t.value)&&!\/[^a-zA-Z0-9]\/.test(t.secret)){for(var s,r,n,a=l.querySelectorAll('iframe[data-secret=\"'+t.secret+'\"]'),o=l.querySelectorAll('blockquote[data-secret=\"'+t.secret+'\"]'),c=new RegExp(\"^https?:$\",\"i\"),i=0;i<o.length;i++)o[i].style.display=\"none\";for(i=0;i<a.length;i++)s=a[i],e.source===s.contentWindow&&(s.removeAttribute(\"style\"),\"height\"===t.message?(1e3<(r=parseInt(t.value,10))?r=1e3:~~r<200&&(r=200),s.height=r):\"link\"===t.message&&(r=new URL(s.getAttribute(\"src\")),n=new URL(t.value),c.test(n.protocol))&&n.host===r.host&&l.activeElement===s&&(d.top.location.href=t.value))}},d.addEventListener(\"message\",d.wp.receiveEmbedMessage,!1),l.addEventListener(\"DOMContentLoaded\",function(){for(var e,t,s=l.querySelectorAll(\"iframe.wp-embedded-content\"),r=0;r<s.length;r++)(t=(e=s[r]).getAttribute(\"data-secret\"))||(t=Math.random().toString(36).substring(2,12),e.src+=\"#?secret=\"+t,e.setAttribute(\"data-secret\",t)),e.contentWindow.postMessage({message:\"ready\",secret:t},\"*\")},!1)))}(window,document);\n\/\/# sourceURL=https:\/\/www.savemybrain.net\/v2\/wp-includes\/js\/wp-embed.min.js\n\/* ]]> *\/\n<\/script>\n","thumbnail_url":"https:\/\/www.savemybrain.net\/v2\/wp-content\/uploads\/2013\/04\/Spirou-75-ans-3.jpg","thumbnail_width":1500,"thumbnail_height":2258,"description":"Le 21 avril 2013, Spirou f\u00eatait ses 75 ans. Quand nous parlons de Spirou, il s\u2019agit tout autant du personnage que du Journal \u00e9ponyme. Pour l\u2019occasion, l\u2019\u00e9diteur Dupuis a mis les petits plats dans les grands, avec un hommage par le biais d\u2019auteurs les plus divers, des r\u00e9\u00e9ditions et un album in\u00e9dit, intitul\u00e9 Dans les Griffes de la Vip\u00e8re. Nous ne pouvions passer \u00e0 c\u00f4t\u00e9 de cet anniversaire et nous sommes partis \u00e0 la rencontre des auteurs du c\u00e9l\u00e8bre groom, avant de visiter l\u2019exposition qui lui est consacr\u00e9e \u00e0 la Biblioth\u00e8que de Versailles, en forme de duel avec le Journal de Tintin\u2026"}

Spirou fête ses 75 ans - Save my brain

<blockquote class="wp-embedded-content" data-secret="eEeHRzKpDG"><a href="https://www.savemybrain.net/v2/2013/04/23/spirou-fete-ses-75-ans-180020997/">Spirou fête ses 75 ans</a></blockquote><iframe sandbox="allow-scripts" security="restricted" src="https://www.savemybrain.net/v2/2013/04/23/spirou-fete-ses-75-ans-180020997/embed/#?secret=eEeHRzKpDG" width="600" height="338" title="« Spirou fête ses 75 ans » &#8212; Save my brain" data-secret="eEeHRzKpDG" frameborder="0" marginwidth="0" marginheight="0" scrolling="no" class="wp-embedded-content"></iframe><script type="text/javascript">
/* <![CDATA[ */
/*! This file is auto-generated */
!function(d,l){"use strict";l.querySelector&&d.addEventListener&&"undefined"!=typeof URL&&(d.wp=d.wp||{},d.wp.receiveEmbedMessage||(d.wp.receiveEmbedMessage=function(e){var t=e.data;if((t||t.secret||t.message||t.value)&&!/[^a-zA-Z0-9]/.test(t.secret)){for(var s,r,n,a=l.querySelectorAll('iframe[data-secret="'+t.secret+'"]'),o=l.querySelectorAll('blockquote[data-secret="'+t.secret+'"]'),c=new RegExp("^https?:$","i"),i=0;i<o.length;i++)o[i].style.display="none";for(i=0;i<a.length;i++)s=a[i],e.source===s.contentWindow&&(s.removeAttribute("style"),"height"===t.message?(1e3<(r=parseInt(t.value,10))?r=1e3:~~r<200&&(r=200),s.height=r):"link"===t.message&&(r=new URL(s.getAttribute("src")),n=new URL(t.value),c.test(n.protocol))&&n.host===r.host&&l.activeElement===s&&(d.top.location.href=t.value))}},d.addEventListener("message",d.wp.receiveEmbedMessage,!1),l.addEventListener("DOMContentLoaded",function(){for(var e,t,s=l.querySelectorAll("iframe.wp-embedded-content"),r=0;r<s.length;r++)(t=(e=s[r]).getAttribute("data-secret"))||(t=Math.random().toString(36).substring(2,12),e.src+="#?secret="+t,e.setAttribute("data-secret",t)),e.contentWindow.postMessage({message:"ready",secret:t},"*")},!1)))}(window,document);
//# sourceURL=https://www.savemybrain.net/v2/wp-includes/js/wp-embed.min.js
/* ]]> */
</script>

Le 21 avril 2013, Spirou fêtait ses 75 ans. Quand nous parlons de Spirou, il s’agit tout autant du personnage que du Journal éponyme. Pour l’occasion, l’éditeur Dupuis a mis les petits plats dans les grands, avec un hommage par le biais d’auteurs les plus divers, des rééditions et un album inédit, intitulé Dans les Griffes de la Vipère. Nous ne pouvions passer à côté de cet anniversaire et nous sommes partis à la rencontre des auteurs du célèbre groom, avant de visiter l’exposition qui lui est consacrée à la Bibliothèque de Versailles, en forme de duel avec le Journal de Tintin…
