{"version":"1.0","provider_name":"Save my brain","provider_url":"https:\/\/www.savemybrain.net\/v2","title":"Didier Van Cauwelaert, le raconteur d'histoires - Save my brain","type":"rich","width":600,"height":338,"html":"<blockquote class=\"wp-embedded-content\" data-secret=\"pPjTx4lYep\"><a href=\"https:\/\/www.savemybrain.net\/v2\/2011\/04\/05\/didier-van-cauwelaert-le-raconteur-dhistoires-102011445\/\">Didier Van Cauwelaert, le raconteur d&rsquo;histoires<\/a><\/blockquote><iframe sandbox=\"allow-scripts\" security=\"restricted\" src=\"https:\/\/www.savemybrain.net\/v2\/2011\/04\/05\/didier-van-cauwelaert-le-raconteur-dhistoires-102011445\/embed\/#?secret=pPjTx4lYep\" width=\"600\" height=\"338\" title=\"\u00ab\u00a0Didier Van Cauwelaert, le raconteur d&rsquo;histoires\u00a0\u00bb &#8212; Save my brain\" data-secret=\"pPjTx4lYep\" frameborder=\"0\" marginwidth=\"0\" marginheight=\"0\" scrolling=\"no\" class=\"wp-embedded-content\"><\/iframe><script type=\"text\/javascript\">\n\/* <![CDATA[ *\/\n\/*! This file is auto-generated *\/\n!function(d,l){\"use strict\";l.querySelector&&d.addEventListener&&\"undefined\"!=typeof URL&&(d.wp=d.wp||{},d.wp.receiveEmbedMessage||(d.wp.receiveEmbedMessage=function(e){var t=e.data;if((t||t.secret||t.message||t.value)&&!\/[^a-zA-Z0-9]\/.test(t.secret)){for(var s,r,n,a=l.querySelectorAll('iframe[data-secret=\"'+t.secret+'\"]'),o=l.querySelectorAll('blockquote[data-secret=\"'+t.secret+'\"]'),c=new RegExp(\"^https?:$\",\"i\"),i=0;i<o.length;i++)o[i].style.display=\"none\";for(i=0;i<a.length;i++)s=a[i],e.source===s.contentWindow&&(s.removeAttribute(\"style\"),\"height\"===t.message?(1e3<(r=parseInt(t.value,10))?r=1e3:~~r<200&&(r=200),s.height=r):\"link\"===t.message&&(r=new URL(s.getAttribute(\"src\")),n=new URL(t.value),c.test(n.protocol))&&n.host===r.host&&l.activeElement===s&&(d.top.location.href=t.value))}},d.addEventListener(\"message\",d.wp.receiveEmbedMessage,!1),l.addEventListener(\"DOMContentLoaded\",function(){for(var e,t,s=l.querySelectorAll(\"iframe.wp-embedded-content\"),r=0;r<s.length;r++)(t=(e=s[r]).getAttribute(\"data-secret\"))||(t=Math.random().toString(36).substring(2,12),e.src+=\"#?secret=\"+t,e.setAttribute(\"data-secret\",t)),e.contentWindow.postMessage({message:\"ready\",secret:t},\"*\")},!1)))}(window,document);\n\/\/# sourceURL=https:\/\/www.savemybrain.net\/v2\/wp-includes\/js\/wp-embed.min.js\n\/* ]]> *\/\n<\/script>\n","description":"Romancier, sc\u00e9nariste, librettiste, auteur de pi\u00e8ces de th\u00e9atre et r\u00e9alisateur, Didier Van Cauwelaert est n\u00e9 le 29 juillet 1960 \u00e0 Nice. Depuis tout petit, Didier Van Cauwelaert r\u00eavait d&rsquo;\u00eatre \u00e9crivain et d&rsquo;\u00eatre publi\u00e9. Tr\u00e8s t\u00f4t, \u00e0 l&rsquo;\u00e9cole en d\u00e9couvrant que les mots servaient \u00e0 raconter des histoires, Didier Van Cauwelaert a connu l&rsquo;\u00e9vidence qu&rsquo;il lui fallait raconter des histoires et s&rsquo;adresser \u00e0 un public. Metteur en sc\u00e8ne de ses histoires, toutes plus invraisemblables les unes que les autres, il se met \u00e0 \u00e9crire, se rendant compte qu&rsquo;\u00e9crire lui donnait envie d&rsquo;aller vers les autres. C&rsquo;est dans le journal de l&rsquo;aum\u00f4nerie,\u00a0dans\u00a0lequel Didier Van Cauwelaert proposera un feuilleton d&rsquo;\u00e9pouvante, qu&rsquo;il commencera l&rsquo;\u00e9criture. Petit, Didier Van Cauwelaert adorait \u00e9couter son p\u00e8re lui raconter des histoires et \u00e9couter les feuilletons \u00e0 la radio sur France Inter de Pierre Dac. De 7 \u00e0 22 ans, il a envoy\u00e9 ses manuscrits chez les \u00e9diteurs pour gagner sa vie, sans succ\u00e8s. Apr\u00e8s des \u00e9tudes classiques, et de petits boulots, il s&rsquo;essaiera au m\u00e9tier agr\u00e9able et insouciant de professeur de planche \u00e0 voile, puis plus tard de chant, puis il deviendra critique litt\u00e9raire \u00e9ph\u00e9m\u00e8re. En 1982, son roman \u00ab\u00a0Vingt ans et des poussi\u00e8res\u00a0\u00bb est publi\u00e9 et accueilli par [&hellip;]","thumbnail_url":"http:\/\/savemybrain.net\/v2\/wp-content\/uploads\/2011\/04\/Didier-van-Cauwelaert.jpg"}

Romancier, scénariste, librettiste, auteur de pièces de théatre et réalisateur, Didier Van Cauwelaert est né le 29 juillet 1960 à Nice. Depuis tout petit, Didier Van Cauwelaert rêvait d&rsquo;être écrivain et d&rsquo;être publié. Très tôt, à l&rsquo;école en découvrant que les mots servaient à raconter des histoires, Didier Van Cauwelaert a connu l&rsquo;évidence qu&rsquo;il lui fallait raconter des histoires et s&rsquo;adresser à un public. Metteur en scène de ses histoires, toutes plus invraisemblables les unes que les autres, il se met à écrire, se rendant compte qu&rsquo;écrire lui donnait envie d&rsquo;aller vers les autres. C&rsquo;est dans le journal de l&rsquo;aumônerie, dans lequel Didier Van Cauwelaert proposera un feuilleton d&rsquo;épouvante, qu&rsquo;il commencera l&rsquo;écriture. Petit, Didier Van Cauwelaert adorait écouter son père lui raconter des histoires et écouter les feuilletons à la radio sur France Inter de Pierre Dac. De 7 à 22 ans, il a envoyé ses manuscrits chez les éditeurs pour gagner sa vie, sans succès. Après des études classiques, et de petits boulots, il s&rsquo;essaiera au métier agréable et insouciant de professeur de planche à voile, puis plus tard de chant, puis il deviendra critique littéraire éphémère. En 1982, son roman « Vingt ans et des poussières » est publié et accueilli par [&hellip;]
