{"version":"1.0","provider_name":"Save my brain","provider_url":"https:\/\/www.savemybrain.net\/v2","title":"Arman au Centre Georges Pompidou - Save my brain","type":"rich","width":600,"height":338,"html":"<blockquote class=\"wp-embedded-content\" data-secret=\"2jXtZKsahH\"><a href=\"https:\/\/www.savemybrain.net\/v2\/2010\/11\/22\/arman-au-centre-georges-pompidou-08019937\/\">Arman au Centre Georges Pompidou<\/a><\/blockquote><iframe sandbox=\"allow-scripts\" security=\"restricted\" src=\"https:\/\/www.savemybrain.net\/v2\/2010\/11\/22\/arman-au-centre-georges-pompidou-08019937\/embed\/#?secret=2jXtZKsahH\" width=\"600\" height=\"338\" title=\"\u00ab\u00a0Arman au Centre Georges Pompidou\u00a0\u00bb &#8212; Save my brain\" data-secret=\"2jXtZKsahH\" frameborder=\"0\" marginwidth=\"0\" marginheight=\"0\" scrolling=\"no\" class=\"wp-embedded-content\"><\/iframe><script type=\"text\/javascript\">\n\/* <![CDATA[ *\/\n\/*! This file is auto-generated *\/\n!function(d,l){\"use strict\";l.querySelector&&d.addEventListener&&\"undefined\"!=typeof URL&&(d.wp=d.wp||{},d.wp.receiveEmbedMessage||(d.wp.receiveEmbedMessage=function(e){var t=e.data;if((t||t.secret||t.message||t.value)&&!\/[^a-zA-Z0-9]\/.test(t.secret)){for(var s,r,n,a=l.querySelectorAll('iframe[data-secret=\"'+t.secret+'\"]'),o=l.querySelectorAll('blockquote[data-secret=\"'+t.secret+'\"]'),c=new RegExp(\"^https?:$\",\"i\"),i=0;i<o.length;i++)o[i].style.display=\"none\";for(i=0;i<a.length;i++)s=a[i],e.source===s.contentWindow&&(s.removeAttribute(\"style\"),\"height\"===t.message?(1e3<(r=parseInt(t.value,10))?r=1e3:~~r<200&&(r=200),s.height=r):\"link\"===t.message&&(r=new URL(s.getAttribute(\"src\")),n=new URL(t.value),c.test(n.protocol))&&n.host===r.host&&l.activeElement===s&&(d.top.location.href=t.value))}},d.addEventListener(\"message\",d.wp.receiveEmbedMessage,!1),l.addEventListener(\"DOMContentLoaded\",function(){for(var e,t,s=l.querySelectorAll(\"iframe.wp-embedded-content\"),r=0;r<s.length;r++)(t=(e=s[r]).getAttribute(\"data-secret\"))||(t=Math.random().toString(36).substring(2,12),e.src+=\"#?secret=\"+t,e.setAttribute(\"data-secret\",t)),e.contentWindow.postMessage({message:\"ready\",secret:t},\"*\")},!1)))}(window,document);\n\/\/# sourceURL=https:\/\/www.savemybrain.net\/v2\/wp-includes\/js\/wp-embed.min.js\n\/* ]]> *\/\n<\/script>\n","description":"Par leur c\u00f4t\u00e9 spectaculaire, les nouveaux r\u00e9alistes ont souvent l\u2019honneur de grandes r\u00e9trospectives. Au Centre Pompidou, c\u2019est au tour d\u2019Arman, apr\u00e8s Jacques Vill\u00e9gl\u00e9 et Yves Klein ces derni\u00e8res ann\u00e9es. Chacun des signataires du manifeste du nouveau r\u00e9alisme avait sa marotte. A Vill\u00e9gl\u00e9 les affiches lac\u00e9r\u00e9es, \u00e0 Klein le vide\u2026 Arman est lui avant tout c\u00e9l\u00e8bre pour ses accumulations, sculptures ou installations plus ou moins monumentales utilisant la r\u00e9p\u00e9tition de plusieurs exemplaires d\u2019un m\u00eame objet pour en exacerber le sens par une r\u00e9p\u00e9tition de sa forme. Le titre, souvent ironique, ajoute une grande part du sel de la chose. Le fameux \u00ab\u00a0Home Sweet Home\u00a0\u00bb, pr\u00e9sentant des masques \u00e0 gaz laisse songeur. Comme ses petits camarades qui ont appos\u00e9 leur grigri en bas d\u2019un monochrome bleu IKB \u00e0 l\u2019initiative de Pierre Restany, Arman utilise les traces du quotidien pour faire rentrer la vie au mus\u00e9e. L\u2019accumulation n\u2019appara\u00eet que comme une des facettes de son \u0153uvre. Ses portraits restent toutefois dans la m\u00eame logique\u00a0: ils tentent de faire ressortir une personnalit\u00e9 par la r\u00e9union de ses objets f\u00e9tiches. On peut d\u00e9couvrir ainsi repr\u00e9sent\u00e9s Yves Klein ou la galeriste Iris Clert. Ces deux derniers personnages sont \u00e0 l\u2019origine d\u2019une des plus c\u00e9l\u00e8bres expositions d\u2019Arman. [&hellip;]","thumbnail_url":"http:\/\/savemybrain.net\/v2\/wp-content\/uploads\/2010\/11\/Arman.jpg"}

Par leur côté spectaculaire, les nouveaux réalistes ont souvent l’honneur de grandes rétrospectives. Au Centre Pompidou, c’est au tour d’Arman, après Jacques Villéglé et Yves Klein ces dernières années. Chacun des signataires du manifeste du nouveau réalisme avait sa marotte. A Villéglé les affiches lacérées, à Klein le vide… Arman est lui avant tout célèbre pour ses accumulations, sculptures ou installations plus ou moins monumentales utilisant la répétition de plusieurs exemplaires d’un même objet pour en exacerber le sens par une répétition de sa forme. Le titre, souvent ironique, ajoute une grande part du sel de la chose. Le fameux « Home Sweet Home », présentant des masques à gaz laisse songeur. Comme ses petits camarades qui ont apposé leur grigri en bas d’un monochrome bleu IKB à l’initiative de Pierre Restany, Arman utilise les traces du quotidien pour faire rentrer la vie au musée. L’accumulation n’apparaît que comme une des facettes de son œuvre. Ses portraits restent toutefois dans la même logique : ils tentent de faire ressortir une personnalité par la réunion de ses objets fétiches. On peut découvrir ainsi représentés Yves Klein ou la galeriste Iris Clert. Ces deux derniers personnages sont à l’origine d’une des plus célèbres expositions d’Arman. [&hellip;]
