{"version":"1.0","provider_name":"Save my brain","provider_url":"https:\/\/www.savemybrain.net\/v2","title":"Daniel Pennac - La saga Malauss\u00e8ne (1985 - 1999) - Save my brain","type":"rich","width":600,"height":338,"html":"<blockquote class=\"wp-embedded-content\" data-secret=\"ISQ1HjJX3a\"><a href=\"https:\/\/www.savemybrain.net\/v2\/2007\/09\/24\/daniel-pennac-la-saga-malaussene-1985-1999-08003580\/\">Daniel Pennac &#8211; La saga Malauss\u00e8ne (1985 &#8211; 1999)<\/a><\/blockquote><iframe sandbox=\"allow-scripts\" security=\"restricted\" src=\"https:\/\/www.savemybrain.net\/v2\/2007\/09\/24\/daniel-pennac-la-saga-malaussene-1985-1999-08003580\/embed\/#?secret=ISQ1HjJX3a\" width=\"600\" height=\"338\" title=\"\u00ab\u00a0Daniel Pennac &#8211; La saga Malauss\u00e8ne (1985 &#8211; 1999)\u00a0\u00bb &#8212; Save my brain\" data-secret=\"ISQ1HjJX3a\" frameborder=\"0\" marginwidth=\"0\" marginheight=\"0\" scrolling=\"no\" class=\"wp-embedded-content\"><\/iframe><script type=\"text\/javascript\">\n\/* <![CDATA[ *\/\n\/*! This file is auto-generated *\/\n!function(d,l){\"use strict\";l.querySelector&&d.addEventListener&&\"undefined\"!=typeof URL&&(d.wp=d.wp||{},d.wp.receiveEmbedMessage||(d.wp.receiveEmbedMessage=function(e){var t=e.data;if((t||t.secret||t.message||t.value)&&!\/[^a-zA-Z0-9]\/.test(t.secret)){for(var s,r,n,a=l.querySelectorAll('iframe[data-secret=\"'+t.secret+'\"]'),o=l.querySelectorAll('blockquote[data-secret=\"'+t.secret+'\"]'),c=new RegExp(\"^https?:$\",\"i\"),i=0;i<o.length;i++)o[i].style.display=\"none\";for(i=0;i<a.length;i++)s=a[i],e.source===s.contentWindow&&(s.removeAttribute(\"style\"),\"height\"===t.message?(1e3<(r=parseInt(t.value,10))?r=1e3:~~r<200&&(r=200),s.height=r):\"link\"===t.message&&(r=new URL(s.getAttribute(\"src\")),n=new URL(t.value),c.test(n.protocol))&&n.host===r.host&&l.activeElement===s&&(d.top.location.href=t.value))}},d.addEventListener(\"message\",d.wp.receiveEmbedMessage,!1),l.addEventListener(\"DOMContentLoaded\",function(){for(var e,t,s=l.querySelectorAll(\"iframe.wp-embedded-content\"),r=0;r<s.length;r++)(t=(e=s[r]).getAttribute(\"data-secret\"))||(t=Math.random().toString(36).substring(2,12),e.src+=\"#?secret=\"+t,e.setAttribute(\"data-secret\",t)),e.contentWindow.postMessage({message:\"ready\",secret:t},\"*\")},!1)))}(window,document);\n\/\/# sourceURL=https:\/\/www.savemybrain.net\/v2\/wp-includes\/js\/wp-embed.min.js\n\/* ]]> *\/\n<\/script>\n","description":"Dur, dur d&rsquo;\u00eatre un fr\u00e8re de famille responsable quand tous les maux de la terre vous tombent dessus. Pourtant, la malchance, Benjamin Malauss\u00e8ne la conna\u00eet : il est bouc-\u00e9missaire professionnel. Pay\u00e9 pour jouer le souffre-douleur, il est aussi \u00e0 la t\u00eate de toute une tribu de fr\u00e8res et s\u0153urs quand sa m\u00e8re part en cavale amoureuse : Clara la douce photographe, Louna l&rsquo;infirmi\u00e8re, Th\u00e9r\u00e8se la diseuse de bonne aventure mystique, J\u00e9r\u00e9my l&rsquo;apprenti pyromane, Le Petit et ses lunettes roses&#8230; sans oublier Julius, le chien-qui-pue \u00e9pileptique. Cette famille compl\u00e8tement d\u00e9jant\u00e9e habite Belleville dans les ann\u00e9es 1980. Entre les tractopelles et les projets d&rsquo;urbanisme naissants, ils seront les protagonistes d&rsquo;enqu\u00eates polici\u00e8res toutes plus loufoques les unes que les autres, tout au long des six volumes (donc six histoires) que forment la saga.","thumbnail_url":"http:\/\/savemybrain.net\/medias\/pennac.jpg"}

Daniel Pennac - La saga Malaussène (1985 - 1999) - Save my brain

<blockquote class="wp-embedded-content" data-secret="ISQ1HjJX3a"><a href="https://www.savemybrain.net/v2/2007/09/24/daniel-pennac-la-saga-malaussene-1985-1999-08003580/">Daniel Pennac &#8211; La saga Malaussène (1985 &#8211; 1999)</a></blockquote><iframe sandbox="allow-scripts" security="restricted" src="https://www.savemybrain.net/v2/2007/09/24/daniel-pennac-la-saga-malaussene-1985-1999-08003580/embed/#?secret=ISQ1HjJX3a" width="600" height="338" title="« Daniel Pennac &#8211; La saga Malaussène (1985 &#8211; 1999) » &#8212; Save my brain" data-secret="ISQ1HjJX3a" frameborder="0" marginwidth="0" marginheight="0" scrolling="no" class="wp-embedded-content"></iframe><script type="text/javascript">
/* <![CDATA[ */
/*! This file is auto-generated */
!function(d,l){"use strict";l.querySelector&&d.addEventListener&&"undefined"!=typeof URL&&(d.wp=d.wp||{},d.wp.receiveEmbedMessage||(d.wp.receiveEmbedMessage=function(e){var t=e.data;if((t||t.secret||t.message||t.value)&&!/[^a-zA-Z0-9]/.test(t.secret)){for(var s,r,n,a=l.querySelectorAll('iframe[data-secret="'+t.secret+'"]'),o=l.querySelectorAll('blockquote[data-secret="'+t.secret+'"]'),c=new RegExp("^https?:$","i"),i=0;i<o.length;i++)o[i].style.display="none";for(i=0;i<a.length;i++)s=a[i],e.source===s.contentWindow&&(s.removeAttribute("style"),"height"===t.message?(1e3<(r=parseInt(t.value,10))?r=1e3:~~r<200&&(r=200),s.height=r):"link"===t.message&&(r=new URL(s.getAttribute("src")),n=new URL(t.value),c.test(n.protocol))&&n.host===r.host&&l.activeElement===s&&(d.top.location.href=t.value))}},d.addEventListener("message",d.wp.receiveEmbedMessage,!1),l.addEventListener("DOMContentLoaded",function(){for(var e,t,s=l.querySelectorAll("iframe.wp-embedded-content"),r=0;r<s.length;r++)(t=(e=s[r]).getAttribute("data-secret"))||(t=Math.random().toString(36).substring(2,12),e.src+="#?secret="+t,e.setAttribute("data-secret",t)),e.contentWindow.postMessage({message:"ready",secret:t},"*")},!1)))}(window,document);
//# sourceURL=https://www.savemybrain.net/v2/wp-includes/js/wp-embed.min.js
/* ]]> */
</script>

Dur, dur d&rsquo;être un frère de famille responsable quand tous les maux de la terre vous tombent dessus. Pourtant, la malchance, Benjamin Malaussène la connaît : il est bouc-émissaire professionnel. Payé pour jouer le souffre-douleur, il est aussi à la tête de toute une tribu de frères et sœurs quand sa mère part en cavale amoureuse : Clara la douce photographe, Louna l&rsquo;infirmière, Thérèse la diseuse de bonne aventure mystique, Jérémy l&rsquo;apprenti pyromane, Le Petit et ses lunettes roses&#8230; sans oublier Julius, le chien-qui-pue épileptique. Cette famille complètement déjantée habite Belleville dans les années 1980. Entre les tractopelles et les projets d&rsquo;urbanisme naissants, ils seront les protagonistes d&rsquo;enquêtes policières toutes plus loufoques les unes que les autres, tout au long des six volumes (donc six histoires) que forment la saga.
